{"id":2714,"date":"2025-08-18T10:05:33","date_gmt":"2025-08-18T10:05:33","guid":{"rendered":"https:\/\/www.scdabraila.ro\/?page_id=2714"},"modified":"2025-12-10T09:55:17","modified_gmt":"2025-12-10T09:55:17","slug":"avertizare-in-interes-public","status":"publish","type":"page","link":"https:\/\/www.scdabraila.ro\/index.php\/avertizare-in-interes-public\/","title":{"rendered":"AVERTIZARE IN INTERES PUBLIC"},"content":{"rendered":"\n<p>Persoana desemnat\u0103 cu gestionarea avertiz\u0103rilor \u00een interes public: Cons. Jur. Macovei Lumini\u021ba<\/p>\n\n\n\n<p>Adresa e-mail: avertizari@scdabraila.ro<\/p>\n\n\n\n<p>Modalitate de raportare: mesaj e-mail sau utilizare formular<\/p>\n\n\n\n<div data-wp-interactive=\"core\/file\" class=\"wp-block-file\"><object data-wp-bind--hidden=\"!state.hasPdfPreview\" hidden class=\"wp-block-file__embed\" data=\"https:\/\/www.scdabraila.ro\/wp-content\/uploads\/2025\/08\/PS-AVERTIZORII-IN-INTERES-PUBLIC.pdf\" type=\"application\/pdf\" style=\"width:100%;height:596px\" aria-label=\"\u00cenglobare pentru PS AVERTIZORII IN INTERES PUBLIC.\"><\/object><a id=\"wp-block-file--media-baf73519-d989-4ff6-b9d8-da6a0cbb20be\" href=\"https:\/\/www.scdabraila.ro\/wp-content\/uploads\/2025\/08\/PS-AVERTIZORII-IN-INTERES-PUBLIC.pdf\" target=\"_blank\" rel=\"noreferrer noopener\">PS AVERTIZORII IN INTERES PUBLIC<\/a><a href=\"https:\/\/www.scdabraila.ro\/wp-content\/uploads\/2025\/08\/PS-AVERTIZORII-IN-INTERES-PUBLIC.pdf\" class=\"wp-block-file__button wp-element-button\" download aria-describedby=\"wp-block-file--media-baf73519-d989-4ff6-b9d8-da6a0cbb20be\">Descarc\u0103<\/a><\/div>\n\n\n\n<div data-wp-interactive=\"core\/file\" class=\"wp-block-file\"><object data-wp-bind--hidden=\"!state.hasPdfPreview\" hidden class=\"wp-block-file__embed\" data=\"https:\/\/www.scdabraila.ro\/wp-content\/uploads\/2025\/08\/F01-PS-01.8-Model-Formular-avertizare.pdf\" type=\"application\/pdf\" style=\"width:100%;height:600px\" aria-label=\"\u00cenglobare pentru F01-PS-01.8 Model Formular avertizare.\"><\/object><a id=\"wp-block-file--media-9dcb2e87-6e34-49c7-aa56-2bbcf0e54062\" href=\"https:\/\/www.scdabraila.ro\/wp-content\/uploads\/2025\/08\/F01-PS-01.8-Model-Formular-avertizare.pdf\">F01-PS-01.8 Model Formular avertizare<\/a><a href=\"https:\/\/www.scdabraila.ro\/wp-content\/uploads\/2025\/08\/F01-PS-01.8-Model-Formular-avertizare.pdf\" class=\"wp-block-file__button wp-element-button\" download aria-describedby=\"wp-block-file--media-9dcb2e87-6e34-49c7-aa56-2bbcf0e54062\">Descarc\u0103<\/a><\/div>\n","protected":false},"excerpt":{"rendered":"<p>Persoana desemnat\u0103 cu gestionarea avertiz\u0103rilor \u00een interes public: Cons. Jur. Macovei Lumini\u021ba Adresa e-mail: avertizari@scdabraila.ro Modalitate de raportare: mesaj e-mail &hellip; <\/p>\n","protected":false},"author":1,"featured_media":0,"parent":0,"menu_order":0,"comment_status":"closed","ping_status":"closed","template":"","meta":{"_uag_custom_page_level_css":"","footnotes":""},"class_list":["post-2714","page","type-page","status-publish","hentry"],"uagb_featured_image_src":{"full":false,"thumbnail":false,"medium":false,"medium_large":false,"large":false,"1536x1536":false,"2048x2048":false,"education-zone-banner":false,"education-zone-image-full":false,"education-zone-image":false,"education-zone-recent-post":false,"education-zone-search-result":false,"education-zone-featured-course":false,"education-zone-testimonial":false,"education-zone-blog-full":false,"education-zone-schema":false,"woocommerce_thumbnail":false,"woocommerce_single":false,"woocommerce_gallery_thumbnail":false},"uagb_author_info":{"display_name":"admin","author_link":"https:\/\/www.scdabraila.ro\/index.php\/author\/admin\/"},"uagb_comment_info":0,"uagb_excerpt":"Persoana desemnat\u0103 cu gestionarea avertiz\u0103rilor \u00een interes public: Cons. Jur. Macovei Lumini\u021ba Adresa e-mail: avertizari@scdabraila.ro Modalitate de raportare: mesaj e-mail &hellip;","jetpack_sharing_enabled":true,"_links":{"self":[{"href":"https:\/\/www.scdabraila.ro\/index.php\/wp-json\/wp\/v2\/pages\/2714","targetHints":{"allow":["GET"]}}],"collection":[{"href":"https:\/\/www.scdabraila.ro\/index.php\/wp-json\/wp\/v2\/pages"}],"about":[{"href":"https:\/\/www.scdabraila.ro\/index.php\/wp-json\/wp\/v2\/types\/page"}],"author":[{"embeddable":true,"href":"https:\/\/www.scdabraila.ro\/index.php\/wp-json\/wp\/v2\/users\/1"}],"replies":[{"embeddable":true,"href":"https:\/\/www.scdabraila.ro\/index.php\/wp-json\/wp\/v2\/comments?post=2714"}],"version-history":[{"count":4,"href":"https:\/\/www.scdabraila.ro\/index.php\/wp-json\/wp\/v2\/pages\/2714\/revisions"}],"predecessor-version":[{"id":2837,"href":"https:\/\/www.scdabraila.ro\/index.php\/wp-json\/wp\/v2\/pages\/2714\/revisions\/2837"}],"wp:attachment":[{"href":"https:\/\/www.scdabraila.ro\/index.php\/wp-json\/wp\/v2\/media?parent=2714"}],"curies":[{"name":"wp","href":"https:\/\/api.w.org\/{rel}","templated":true}]}}